{"id":68,"date":"2024-08-06T06:23:59","date_gmt":"2024-08-06T06:23:59","guid":{"rendered":"http:\/\/kga.com.mx\/home\/?page_id=68"},"modified":"2025-05-13T10:56:41","modified_gmt":"2025-05-13T10:56:41","slug":"nosotros","status":"publish","type":"page","link":"https:\/\/kga.com.mx\/home\/nosotros\/","title":{"rendered":"KGA nosotros"},"content":{"rendered":"<section class=\"wpb-content-wrapper\"><p>[vc_row][vc_column]\n\t\t\t<!-- START Nosotros REVOLUTION SLIDER 6.6.8 --><p class=\"rs-p-wp-fix\"><\/p>\n\t\t\t<rs-module-wrap id=\"rev_slider_2_1_wrapper\" data-source=\"gallery\" style=\"visibility:hidden;background:transparent;padding:0;margin:0px auto;margin-top:0;margin-bottom:0;\">\n\t\t\t\t<rs-module id=\"rev_slider_2_1\" style=\"\" data-version=\"6.6.8\">\n\t\t\t\t\t<rs-slides style=\"overflow: hidden; position: absolute;\">\n\t\t\t\t\t\t<rs-slide style=\"position: absolute;\" data-key=\"rs-6\" data-title=\"Slide\" data-anim=\"d:10;ms:500;f:slidebased;\" data-in=\"o:0;y:(-50%);sx:0.7;sy:0.7;m:true;e:power4.inOut;row:5;\" data-out=\"a:false;\">\n\t\t\t\t\t\t\t<img decoding=\"async\" src=\"\/\/kga.com.mx\/home\/wp-content\/plugins\/revslider\/public\/assets\/assets\/dummy.png\" alt=\"\" title=\"Kga-web-organigrama\" width=\"2400\" height=\"1349\" class=\"rev-slidebg tp-rs-img rs-lazyload\" data-lazyload=\"\/\/kga.com.mx\/home\/wp-content\/uploads\/2025\/05\/Kga-web-organigrama.jpg\" data-no-retina>\n<!---->\t\t\t\t\t\t<\/rs-slide>\n\t\t\t\t\t<\/rs-slides>\n\t\t\t\t<\/rs-module>\n\t\t\t\t<script>\n\t\t\t\t\tsetREVStartSize({c: 'rev_slider_2_1',rl:[1240,1024,778,480],el:[700],gw:[1240],gh:[700],type:'standard',justify:'',layout:'fullwidth',mh:\"0\"});if (window.RS_MODULES!==undefined && window.RS_MODULES.modules!==undefined && window.RS_MODULES.modules[\"revslider21\"]!==undefined) {window.RS_MODULES.modules[\"revslider21\"].once = false;window.revapi2 = undefined;if (window.RS_MODULES.checkMinimal!==undefined) window.RS_MODULES.checkMinimal()}\n\t\t\t\t<\/script>\n\t\t\t<\/rs-module-wrap>\n\t\t\t<!-- END REVOLUTION SLIDER -->\n[\/vc_column][\/vc_row][vc_section full_width=\u00bbstretch_row_content\u00bb css=\u00bb.vc_custom_1722923418345{margin-top: 80px !important;margin-right: 0px !important;margin-bottom: 80px !important;margin-left: 0px !important;border-right-width: 0px !important;border-left-width: 0px !important;}\u00bb][vc_row css=\u00bb.vc_custom_1722923522546{margin-top: 30px !important;margin-right: 0px !important;margin-left: 0px !important;padding-left: 0px !important;}\u00bb][vc_column width=\u00bb1\/2&#8243; css=\u00bb.vc_custom_1722923458792{margin-left: 0px !important;padding-right: 0px !important;padding-left: 0px !important;}\u00bb][vc_single_image image=\u00bb32&#8243; img_size=\u00bbfull\u00bb css=\u00bb.vc_custom_1722923453568{margin-left: 0px !important;padding-left: 0px !important;}\u00bb][\/vc_column][vc_column width=\u00bb1\/2&#8243; css=\u00bb.vc_custom_1722923692944{margin-top: 50px !important;}\u00bb][vc_column_text]<\/p>\n<p style=\"text-align: justify; font-size: 20px; text-transform: uppercase;\"><strong>Entendimos que ofrecer un servicio no es suficiente. Nuestra mentalidad se centra en hacer negocios que generen impacto Y FORMAR AGENTES QUE LOGREN ALCANZAR SUS SUE\u00d1OS.<\/strong><\/p>\n<p style=\"text-align: justify; font-size: 20px; text-transform: uppercase;\">KGA no solo recluta, sino QUE elige a los agentes m\u00e1s prometedores para AYUDARLOS A CONSEGUIR SUS OBJETIVOS SIGUIENDO SU PROPIO ESTILO.<\/p>\n<p>[\/vc_column_text][\/vc_column][\/vc_row][\/vc_section][vc_section css=\u00bb.vc_custom_1722924410381{margin-top: 80px !important;margin-bottom: 80px !important;}\u00bb][vc_row full_width=\u00bbstretch_row\u00bb css=\u00bb.vc_custom_1747132515588{padding-top: 60px !important;background-image: url(https:\/\/kga.com.mx\/home\/wp-content\/uploads\/2025\/05\/bg-azul.jpg?id=187) !important;background-position: center !important;background-repeat: no-repeat !important;background-size: cover !important;}\u00bb][vc_column width=\u00bb1\/3&#8243;][vc_single_image image=\u00bb200&#8243; img_size=\u00bbfull\u00bb][\/vc_column][vc_column width=\u00bb2\/3&#8243;][vc_column_text css=\u00bb.vc_custom_1747132600699{margin-top: 30px !important;}\u00bb]<\/p>\n<h4 style=\"float: left; color: #ffffff; text-align: left;\">PRESIDENTE DEL CONSEJO KGA<br \/>\nrkaram@kga.com.mx<\/h4>\n<p style=\"text-align: justify; font-size: 16px; text-transform: uppercase; float: left; color: #fff;\">Es el empresario y l\u00edder del proyecto KGA quien define y supervisa el accionar de la promotor\u00eda, y establece la estrategia comercial y de ventas, adem\u00e1s asesora en seguros empresariales a nuestros agentes. Tambi\u00e9n define la agenda de crecimiento del negocio siguiendo los acuerdos del consejo de administraci\u00f3n.<\/p>\n<p>[\/vc_column_text][vc_empty_space height=\u00bb40px\u00bb][\/vc_column][\/vc_row][vc_row full_width=\u00bbstretch_row\u00bb css=\u00bb.vc_custom_1747132643535{padding-top: 60px !important;background-image: url(https:\/\/kga.com.mx\/home\/wp-content\/uploads\/2025\/05\/bg-amarillo-1.jpg?id=207) !important;background-position: center !important;background-repeat: no-repeat !important;background-size: cover !important;}\u00bb][vc_column width=\u00bb1\/3&#8243;][vc_single_image image=\u00bb217&#8243; img_size=\u00bbfull\u00bb][\/vc_column][vc_column width=\u00bb2\/3&#8243;][vc_column_text css=\u00bb.vc_custom_1747133467726{margin-top: 30px !important;}\u00bb]<\/p>\n<h4 style=\"float: left; color: #ffffff; text-align: left;\">ASISTENTE DE PRESIDENCIA DEL CONSEJO KGA<br \/>\nrkaram@kga.com.mx<\/h4>\n<p style=\"text-align: justify; font-size: 16px; text-transform: uppercase; float: left; color: #fff;\">Coordina la agenda y actividades del Presidente del Consejo, facilitando la comunicaci\u00f3n y organizaci\u00f3n.<\/p>\n<p>[\/vc_column_text][vc_empty_space height=\u00bb40px\u00bb][\/vc_column][\/vc_row][vc_row full_width=\u00bbstretch_row\u00bb css=\u00bb.vc_custom_1747132515588{padding-top: 60px !important;background-image: url(https:\/\/kga.com.mx\/home\/wp-content\/uploads\/2025\/05\/bg-azul.jpg?id=187) !important;background-position: center !important;background-repeat: no-repeat !important;background-size: cover !important;}\u00bb][vc_column width=\u00bb1\/3&#8243;][vc_single_image image=\u00bb215&#8243; img_size=\u00bbfull\u00bb][\/vc_column][vc_column width=\u00bb2\/3&#8243;][vc_column_text css=\u00bb.vc_custom_1747133518437{margin-top: 30px !important;}\u00bb]<\/p>\n<h4 style=\"float: left; color: #ffffff; text-align: left;\">DIRECTOR GENERAL KGA AGENTE CONSOLIDADO<br \/>\ndir.general@kga.com.mx<\/h4>\n<p style=\"text-align: justify; font-size: 16px; text-transform: uppercase; float: left; color: #fff;\">Supervisa la operaci\u00f3n general de KGA, liderando al equipo y asegurando el cumplimiento de metas estrat\u00e9gicas.<\/p>\n<p>[\/vc_column_text][vc_empty_space height=\u00bb40px\u00bb][\/vc_column][\/vc_row][vc_row full_width=\u00bbstretch_row\u00bb css=\u00bb.vc_custom_1747132643535{padding-top: 60px !important;background-image: url(https:\/\/kga.com.mx\/home\/wp-content\/uploads\/2025\/05\/bg-amarillo-1.jpg?id=207) !important;background-position: center !important;background-repeat: no-repeat !important;background-size: cover !important;}\u00bb][vc_column width=\u00bb1\/3&#8243;][vc_single_image image=\u00bb216&#8243; img_size=\u00bbfull\u00bb][\/vc_column][vc_column width=\u00bb2\/3&#8243;][vc_column_text css=\u00bb.vc_custom_1747133557810{margin-top: 30px !important;}\u00bb]<\/p>\n<h4 style=\"float: left; color: #ffffff; text-align: left;\">DIRECTOR COMERCIAL KGA AGENTE N\u00d3VELES KGA<br \/>\ndir.comercial@kga.com.mx<\/h4>\n<p style=\"text-align: justify; font-size: 16px; text-transform: uppercase; float: left; color: #fff;\">Lidera las estrategias comerciales, recluta, desarrollo de agentes n\u00f3veles y ventas de la promotor\u00eda.<\/p>\n<p>[\/vc_column_text][vc_empty_space height=\u00bb40px\u00bb][\/vc_column][\/vc_row][vc_row full_width=\u00bbstretch_row\u00bb css=\u00bb.vc_custom_1747132515588{padding-top: 60px !important;background-image: url(https:\/\/kga.com.mx\/home\/wp-content\/uploads\/2025\/05\/bg-azul.jpg?id=187) !important;background-position: center !important;background-repeat: no-repeat !important;background-size: cover !important;}\u00bb][vc_column width=\u00bb1\/3&#8243;][vc_single_image image=\u00bb214&#8243; img_size=\u00bbfull\u00bb][\/vc_column][vc_column width=\u00bb2\/3&#8243;][vc_column_text css=\u00bb.vc_custom_1747133614659{margin-top: 30px !important;}\u00bb]<\/p>\n<h4 style=\"float: left; color: #ffffff; text-align: left;\">DIRECTORA DE GASTOS M\u00c9DICOS MAYORES AXA<br \/>\nagonzalez@kga.com.mx<\/h4>\n<p style=\"text-align: justify; font-size: 16px; text-transform: uppercase; float: left; color: #fff;\">Lidera las estrategias comerciales, recluta y desarrolla agentes especializados en gastos m\u00e9dicos mayores, impulsando su crecimiento.<\/p>\n<p>[\/vc_column_text][vc_empty_space height=\u00bb40px\u00bb][\/vc_column][\/vc_row][vc_row full_width=\u00bbstretch_row\u00bb css=\u00bb.vc_custom_1747132643535{padding-top: 60px !important;background-image: url(https:\/\/kga.com.mx\/home\/wp-content\/uploads\/2025\/05\/bg-amarillo-1.jpg?id=207) !important;background-position: center !important;background-repeat: no-repeat !important;background-size: cover !important;}\u00bb][vc_column width=\u00bb1\/3&#8243;][vc_single_image image=\u00bb213&#8243; img_size=\u00bbfull\u00bb][\/vc_column][vc_column width=\u00bb2\/3&#8243;][vc_column_text css=\u00bb.vc_custom_1747133799611{margin-top: 30px !important;}\u00bb]<\/p>\n<h4 style=\"float: left; color: #ffffff; text-align: left;\">ADMINISTRACI\u00d3N KGA<br \/>\nadministracion@kga.com.mx<\/h4>\n<p style=\"text-align: justify; font-size: 16px; text-transform: uppercase; float: left; color: #fff;\">Gestiona operaciones administrativas y puenteo entre aseguradoras (INSIGNIA LIFE \/ AXA).<\/p>\n<p>[\/vc_column_text][vc_empty_space height=\u00bb40px\u00bb][\/vc_column][\/vc_row][vc_row full_width=\u00bbstretch_row\u00bb css=\u00bb.vc_custom_1747132515588{padding-top: 60px !important;background-image: url(https:\/\/kga.com.mx\/home\/wp-content\/uploads\/2025\/05\/bg-azul.jpg?id=187) !important;background-position: center !important;background-repeat: no-repeat !important;background-size: cover !important;}\u00bb][vc_column width=\u00bb1\/3&#8243;][vc_single_image image=\u00bb212&#8243; img_size=\u00bbfull\u00bb][\/vc_column][vc_column width=\u00bb2\/3&#8243;][vc_column_text css=\u00bb.vc_custom_1747133675505{margin-top: 30px !important;}\u00bb]<\/p>\n<h4 style=\"float: left; color: #ffffff; text-align: left;\">COBRANZA KGA<br \/>\nventanilla@kga.com.mx<\/h4>\n<p style=\"text-align: justify; font-size: 16px; text-transform: uppercase; float: left; color: #fff;\">Gestiona el flujo de efectivo, asegurando la cobranza puntual y la recuperaci\u00f3n de cuentas vencidas.<\/p>\n<p>[\/vc_column_text][vc_empty_space height=\u00bb40px\u00bb][\/vc_column][\/vc_row][vc_row full_width=\u00bbstretch_row\u00bb css=\u00bb.vc_custom_1747132643535{padding-top: 60px !important;background-image: url(https:\/\/kga.com.mx\/home\/wp-content\/uploads\/2025\/05\/bg-amarillo-1.jpg?id=207) !important;background-position: center !important;background-repeat: no-repeat !important;background-size: cover !important;}\u00bb][vc_column width=\u00bb1\/3&#8243;][vc_single_image image=\u00bb211&#8243; img_size=\u00bbfull\u00bb][\/vc_column][vc_column width=\u00bb2\/3&#8243;][vc_column_text css=\u00bb.vc_custom_1747133706685{margin-top: 30px !important;}\u00bb]<\/p>\n<h4 style=\"float: left; color: #ffffff; text-align: left;\">COORDINADOR DE MARKETING KGA<br \/>\nmarketing@kga.com.mx<\/h4>\n<p style=\"text-align: justify; font-size: 16px; text-transform: uppercase; float: left; color: #fff;\">Dise\u00f1a y ejecuta estrategias de marketing para fortalecer la marca, atraer agentes y clientes, y apoyar las metas comerciales.<\/p>\n<p>[\/vc_column_text][vc_empty_space height=\u00bb40px\u00bb][\/vc_column][\/vc_row][vc_row full_width=\u00bbstretch_row\u00bb css=\u00bb.vc_custom_1747132515588{padding-top: 60px !important;background-image: url(https:\/\/kga.com.mx\/home\/wp-content\/uploads\/2025\/05\/bg-azul.jpg?id=187) !important;background-position: center !important;background-repeat: no-repeat !important;background-size: cover !important;}\u00bb][vc_column width=\u00bb1\/3&#8243;][vc_single_image image=\u00bb210&#8243; img_size=\u00bbfull\u00bb][\/vc_column][vc_column width=\u00bb2\/3&#8243;][vc_column_text css=\u00bb.vc_custom_1747133730304{margin-top: 30px !important;}\u00bb]<\/p>\n<h4 style=\"float: left; color: #ffffff; text-align: left;\">AUXILIAR DE ADMINISTRACI\u00d3N<\/h4>\n<p style=\"text-align: justify; font-size: 16px; text-transform: uppercase; float: left; color: #fff;\">Lleva la administraci\u00f3n y control de tramites y operaciones tanto de Gastos M\u00e9dicos Mayores, como de Seguros de Vida Individual de las promotorias\u00a0asociadas.<\/p>\n<p>[\/vc_column_text][vc_empty_space height=\u00bb40px\u00bb][\/vc_column][\/vc_row][vc_row full_width=\u00bbstretch_row\u00bb css=\u00bb.vc_custom_1747132643535{padding-top: 60px !important;background-image: url(https:\/\/kga.com.mx\/home\/wp-content\/uploads\/2025\/05\/bg-amarillo-1.jpg?id=207) !important;background-position: center !important;background-repeat: no-repeat !important;background-size: cover !important;}\u00bb][vc_column width=\u00bb1\/3&#8243;][vc_single_image image=\u00bb209&#8243; img_size=\u00bbfull\u00bb][\/vc_column][vc_column width=\u00bb2\/3&#8243;][vc_column_text css=\u00bb.vc_custom_1747133752680{margin-top: 30px !important;}\u00bb]<\/p>\n<h4 style=\"float: left; color: #ffffff; text-align: left;\">PROMOTOR ASOCIADO KGA<br \/>\nDESARROLLADORA KGA LE\u00d3N<\/h4>\n<p style=\"text-align: justify; font-size: 16px; text-transform: uppercase; float: left; color: #fff;\">Su objetivo principal es la atracci\u00f3n y desarrollo de agentes de seguros en el Baj\u00edo, asegurando que estos se integren correctamente a la estructura de la promotor\u00eda.<\/p>\n<p>[\/vc_column_text][vc_empty_space height=\u00bb40px\u00bb][\/vc_column][\/vc_row][\/vc_section][vc_section css=\u00bb.vc_custom_1722926880959{margin-top: 0px !important;margin-bottom: 0px !important;padding-bottom: 80px !important;}\u00bb][vc_row][vc_column width=\u00bb1\/2&#8243; css=\u00bb.vc_custom_1722926857749{background-position: center !important;background-repeat: no-repeat !important;background-size: cover !important;}\u00bb][vc_column_text css=\u00bb.vc_custom_1722926810867{margin-top: 30px !important;}\u00bb]<\/p>\n<h1 style=\"text-align: center;\">KGA<\/h1>\n<p>[\/vc_column_text][vc_column_text css=\u00bb.vc_custom_1722926673747{margin-top: 70px !important;}\u00bb]<\/p>\n<ul>\n<li>Promotor\u00eda de servicios de seguros<\/li>\n<li>Capacitaci\u00f3n en ventas y servicios de seguros.<\/li>\n<li>Coaching en ventas.<\/li>\n<li>Seguimiento de Cartera.<\/li>\n<li>Tramitolog\u00eda del agente con las Aseguradoras en<br \/>\nConvenio.<\/li>\n<li>Sistema Digital en todas las \u00e1reas para operar el negocio<br \/>\n\u201cALICE\u201d<\/li>\n<li>Valores Agregados; Nutrici\u00f3n, Contabilidad, Psicolog\u00eda, Coaching Deportivo, Medicina General.<\/li>\n<\/ul>\n<p>[\/vc_column_text][\/vc_column][vc_column width=\u00bb1\/2&#8243; css=\u00bb.vc_custom_1722926874328{margin-top: 80px !important;}\u00bb][vc_column_text]<\/p>\n<p style=\"font-size: 20px; text-transform: uppercase; text-align: center;\"><strong><span style=\"background: #e69c03;\">Un nuevo enfoque puede<\/span><\/strong><\/p>\n<p>[\/vc_column_text][vc_column_text css=\u00bb.vc_custom_1722926838014{margin-top: 30px !important;}\u00bb]<\/p>\n<h1 style=\"text-align: center; text-transform: uppercase;\">cambiar<br \/>\nradicalmente<br \/>\ntodo tu<br \/>\npanorama<\/h1>\n<p>[\/vc_column_text][\/vc_column][\/vc_row][\/vc_section]<\/p>\n<\/section>","protected":false},"excerpt":{"rendered":"<p>[vc_row][vc_column][\/vc_column][\/vc_row][vc_section full_width=\u00bbstretch_row_content\u00bb css=\u00bb.vc_custom_1722923418345{margin-top: 80px !important;margin-right: 0px !important;margin-bottom: 80px !important;margin-left: 0px !important;border-right-width: 0px !important;border-left-width: 0px !important;}\u00bb][vc_row css=\u00bb.vc_custom_1722923522546{margin-top: 30px !important;margin-right: 0px !important;margin-left: 0px !important;padding-left: 0px !important;}\u00bb][vc_column width=\u00bb1\/2&#8243; css=\u00bb.vc_custom_1722923458792{margin-left: 0px !important;padding-right: 0px !important;padding-left: 0px !important;}\u00bb][vc_single_image image=\u00bb32&#8243; img_size=\u00bbfull\u00bb css=\u00bb.vc_custom_1722923453568{margin-left: 0px !important;padding-left: 0px !important;}\u00bb][\/vc_column][vc_column width=\u00bb1\/2&#8243; css=\u00bb.vc_custom_1722923692944{margin-top: 50px !important;}\u00bb][vc_column_text] Entendimos que ofrecer un servicio no es suficiente. Nuestra mentalidad se centra [&hellip;]<\/p>\n","protected":false},"author":1,"featured_media":0,"parent":0,"menu_order":0,"comment_status":"closed","ping_status":"closed","template":"page.php","meta":{"footnotes":""},"class_list":["post-68","page","type-page","status-publish","hentry"],"_links":{"self":[{"href":"https:\/\/kga.com.mx\/home\/wp-json\/wp\/v2\/pages\/68","targetHints":{"allow":["GET"]}}],"collection":[{"href":"https:\/\/kga.com.mx\/home\/wp-json\/wp\/v2\/pages"}],"about":[{"href":"https:\/\/kga.com.mx\/home\/wp-json\/wp\/v2\/types\/page"}],"author":[{"embeddable":true,"href":"https:\/\/kga.com.mx\/home\/wp-json\/wp\/v2\/users\/1"}],"replies":[{"embeddable":true,"href":"https:\/\/kga.com.mx\/home\/wp-json\/wp\/v2\/comments?post=68"}],"version-history":[{"count":50,"href":"https:\/\/kga.com.mx\/home\/wp-json\/wp\/v2\/pages\/68\/revisions"}],"predecessor-version":[{"id":222,"href":"https:\/\/kga.com.mx\/home\/wp-json\/wp\/v2\/pages\/68\/revisions\/222"}],"wp:attachment":[{"href":"https:\/\/kga.com.mx\/home\/wp-json\/wp\/v2\/media?parent=68"}],"curies":[{"name":"wp","href":"https:\/\/api.w.org\/{rel}","templated":true}]}}